{"id":12,"date":"2021-01-12T07:50:13","date_gmt":"2021-01-12T07:50:13","guid":{"rendered":"https:\/\/w344a1.smart-net.at\/?page_id=12"},"modified":"2026-02-13T13:02:56","modified_gmt":"2026-02-13T12:02:56","slug":"about","status":"publish","type":"page","link":"https:\/\/eliserichter.net\/index.php\/about\/","title":{"rendered":"About"},"content":{"rendered":"\n<h3 class=\"wp-block-heading has-text-align-center\" id=\"about-us\">About us<\/h3>\n\n\n\n<p style=\"font-size:16px\">Das Elise-Richter-Netzwerk umfasst gegenw\u00e4rtige und fr\u00fchere Stelleninhaberinnen in der Phase der Qualifizierung f\u00fcr akademische Spitzenpositionen (u.a. Professuren). Es repr\u00e4sentiert exzellente weibliche und non-bin\u00e4re Wissenschafter des gesamten Spektrums der \u00f6sterreichischen Grundlagenforschung, einschlie\u00dflich des Bereichs Artistic Research.<\/p>\n\n\n\n<p class=\"has-text-align-center\">Our mission: <strong>Excellent research \u2013 equal opportunities<\/strong><\/p>\n\n\n\n<p style=\"font-size:16px\">The Elise Richter Network comprises current and former female job holders in the qualification phase for top academic positions (including professorships). It represents excellent female and non-binary scientists from the entire spectrum of Austrian basic research, including the field of artistic research.<\/p>\n\n\n\n<p><strong>Elise Richter Network Board<\/strong> (2024-2027)<\/p>\n\n\n\n<figure class=\"wp-block-gallery has-nested-images columns-default is-cropped wp-block-gallery-1 is-layout-flex wp-block-gallery-is-layout-flex\">\n<figure class=\"wp-block-image size-large\"><img loading=\"lazy\" decoding=\"async\" width=\"1024\" height=\"1024\" data-id=\"1804\" src=\"https:\/\/eliserichter.net\/wp-content\/uploads\/2025\/01\/kastenhofer-1024x1024.jpg\" alt=\"\" class=\"wp-image-1804\" srcset=\"https:\/\/eliserichter.net\/wp-content\/uploads\/2025\/01\/kastenhofer-1024x1024.jpg 1024w, https:\/\/eliserichter.net\/wp-content\/uploads\/2025\/01\/kastenhofer-300x300.jpg 300w, https:\/\/eliserichter.net\/wp-content\/uploads\/2025\/01\/kastenhofer-150x150.jpg 150w, https:\/\/eliserichter.net\/wp-content\/uploads\/2025\/01\/kastenhofer-768x768.jpg 768w, https:\/\/eliserichter.net\/wp-content\/uploads\/2025\/01\/kastenhofer-1536x1536.jpg 1536w, https:\/\/eliserichter.net\/wp-content\/uploads\/2025\/01\/kastenhofer-508x508.jpg 508w, https:\/\/eliserichter.net\/wp-content\/uploads\/2025\/01\/kastenhofer.jpg 1600w\" sizes=\"auto, (max-width: 1024px) 100vw, 1024px\" \/><figcaption class=\"wp-element-caption\">Karen Kastenhofer<\/figcaption><\/figure>\n\n\n\n<figure class=\"wp-block-image size-large\"><img loading=\"lazy\" decoding=\"async\" width=\"1024\" height=\"682\" data-id=\"1802\" src=\"https:\/\/eliserichter.net\/wp-content\/uploads\/2025\/01\/smayer-1024x682.jpg\" alt=\"\" class=\"wp-image-1802\" srcset=\"https:\/\/eliserichter.net\/wp-content\/uploads\/2025\/01\/smayer-1024x682.jpg 1024w, https:\/\/eliserichter.net\/wp-content\/uploads\/2025\/01\/smayer-300x200.jpg 300w, https:\/\/eliserichter.net\/wp-content\/uploads\/2025\/01\/smayer-768x511.jpg 768w, https:\/\/eliserichter.net\/wp-content\/uploads\/2025\/01\/smayer-1536x1022.jpg 1536w, https:\/\/eliserichter.net\/wp-content\/uploads\/2025\/01\/smayer.jpg 1600w\" sizes=\"auto, (max-width: 1024px) 100vw, 1024px\" \/><figcaption class=\"wp-element-caption\">Sandra Mayer<\/figcaption><\/figure>\n\n\n\n<figure class=\"wp-block-image size-large\"><img loading=\"lazy\" decoding=\"async\" width=\"1024\" height=\"815\" data-id=\"1805\" src=\"https:\/\/eliserichter.net\/wp-content\/uploads\/2025\/01\/bfischer-1024x815.png\" alt=\"\" class=\"wp-image-1805\" srcset=\"https:\/\/eliserichter.net\/wp-content\/uploads\/2025\/01\/bfischer-1024x815.png 1024w, https:\/\/eliserichter.net\/wp-content\/uploads\/2025\/01\/bfischer-300x239.png 300w, https:\/\/eliserichter.net\/wp-content\/uploads\/2025\/01\/bfischer-768x611.png 768w, https:\/\/eliserichter.net\/wp-content\/uploads\/2025\/01\/bfischer.png 1193w\" sizes=\"auto, (max-width: 1024px) 100vw, 1024px\" \/><figcaption class=\"wp-element-caption\">Barbara Fischer<\/figcaption><\/figure>\n\n\n\n<figure class=\"wp-block-image size-large\"><img loading=\"lazy\" decoding=\"async\" width=\"1024\" height=\"744\" data-id=\"1073\" src=\"https:\/\/eliserichter.net\/wp-content\/uploads\/2022\/02\/Maas_Bea-1-1024x744.jpg\" alt=\"\" class=\"wp-image-1073\" srcset=\"https:\/\/eliserichter.net\/wp-content\/uploads\/2022\/02\/Maas_Bea-1-1024x744.jpg 1024w, https:\/\/eliserichter.net\/wp-content\/uploads\/2022\/02\/Maas_Bea-1-300x218.jpg 300w, https:\/\/eliserichter.net\/wp-content\/uploads\/2022\/02\/Maas_Bea-1-768x558.jpg 768w, https:\/\/eliserichter.net\/wp-content\/uploads\/2022\/02\/Maas_Bea-1.jpg 1200w\" sizes=\"auto, (max-width: 1024px) 100vw, 1024px\" \/><figcaption class=\"wp-element-caption\">Bea Maas<\/figcaption><\/figure>\n\n\n\n<figure class=\"wp-block-image size-large\"><img loading=\"lazy\" decoding=\"async\" width=\"234\" height=\"225\" data-id=\"1732\" src=\"https:\/\/eliserichter.net\/wp-content\/uploads\/2024\/04\/Pfanzagl_Vera.jpg\" alt=\"\" class=\"wp-image-1732\"\/><figcaption class=\"wp-element-caption\">Vera Pfanzagl<\/figcaption><\/figure>\n\n\n\n<figure class=\"wp-block-image size-large\"><img loading=\"lazy\" decoding=\"async\" width=\"1024\" height=\"682\" data-id=\"1803\" src=\"https:\/\/eliserichter.net\/wp-content\/uploads\/2025\/01\/meropi-1024x682.jpg\" alt=\"\" class=\"wp-image-1803\" srcset=\"https:\/\/eliserichter.net\/wp-content\/uploads\/2025\/01\/meropi-1024x682.jpg 1024w, https:\/\/eliserichter.net\/wp-content\/uploads\/2025\/01\/meropi-300x200.jpg 300w, https:\/\/eliserichter.net\/wp-content\/uploads\/2025\/01\/meropi-768x512.jpg 768w, https:\/\/eliserichter.net\/wp-content\/uploads\/2025\/01\/meropi-1536x1023.jpg 1536w, https:\/\/eliserichter.net\/wp-content\/uploads\/2025\/01\/meropi.jpg 1600w\" sizes=\"auto, (max-width: 1024px) 100vw, 1024px\" \/><figcaption class=\"wp-element-caption\">Meropi Tzanetakis&nbsp;<\/figcaption><\/figure>\n\n\n\n<figure class=\"wp-block-image size-large\"><img loading=\"lazy\" decoding=\"async\" width=\"1024\" height=\"1024\" data-id=\"1696\" src=\"https:\/\/eliserichter.net\/wp-content\/uploads\/2022\/02\/Horn_Lisa-1024x1024.jpg\" alt=\"\" class=\"wp-image-1696\" srcset=\"https:\/\/eliserichter.net\/wp-content\/uploads\/2022\/02\/Horn_Lisa-1024x1024.jpg 1024w, https:\/\/eliserichter.net\/wp-content\/uploads\/2022\/02\/Horn_Lisa-300x300.jpg 300w, https:\/\/eliserichter.net\/wp-content\/uploads\/2022\/02\/Horn_Lisa-150x150.jpg 150w, https:\/\/eliserichter.net\/wp-content\/uploads\/2022\/02\/Horn_Lisa-768x768.jpg 768w, https:\/\/eliserichter.net\/wp-content\/uploads\/2022\/02\/Horn_Lisa-1536x1536.jpg 1536w, https:\/\/eliserichter.net\/wp-content\/uploads\/2022\/02\/Horn_Lisa-508x508.jpg 508w, https:\/\/eliserichter.net\/wp-content\/uploads\/2022\/02\/Horn_Lisa.jpg 1953w\" sizes=\"auto, (max-width: 1024px) 100vw, 1024px\" \/><figcaption class=\"wp-element-caption\">Lisa Horn<\/figcaption><\/figure>\n\n\n\n<figure class=\"wp-block-image size-large\"><img loading=\"lazy\" decoding=\"async\" width=\"400\" height=\"400\" data-id=\"1541\" src=\"https:\/\/eliserichter.net\/wp-content\/uploads\/2023\/03\/Blaive_400x400.png\" alt=\"\" class=\"wp-image-1541\" srcset=\"https:\/\/eliserichter.net\/wp-content\/uploads\/2023\/03\/Blaive_400x400.png 400w, https:\/\/eliserichter.net\/wp-content\/uploads\/2023\/03\/Blaive_400x400-300x300.png 300w, https:\/\/eliserichter.net\/wp-content\/uploads\/2023\/03\/Blaive_400x400-150x150.png 150w\" sizes=\"auto, (max-width: 400px) 100vw, 400px\" \/><figcaption class=\"wp-element-caption\">Muriel Blaive<\/figcaption><\/figure>\n\n\n\n<figure class=\"wp-block-image size-large\"><img loading=\"lazy\" decoding=\"async\" width=\"264\" height=\"252\" data-id=\"1807\" src=\"https:\/\/eliserichter.net\/wp-content\/uploads\/2025\/01\/placehlder.png\" alt=\"\" class=\"wp-image-1807\"\/><\/figure>\n<\/figure>\n\n\n\n<div class=\"wp-block-group\"><div class=\"wp-block-group__inner-container is-layout-constrained wp-block-group-is-layout-constrained\">\n<div class=\"wp-block-columns is-layout-flex wp-container-core-columns-is-layout-9d6595d7 wp-block-columns-is-layout-flex\">\n<div class=\"wp-block-column is-layout-flow wp-block-column-is-layout-flow\" style=\"flex-basis:100%\"><\/div>\n<\/div>\n<\/div><\/div>\n\n\n\n<p>Karen Kastenhofer (chairwoman)<\/p>\n\n\n\n<p>Sandra Mayer (vice-chairwoman)<\/p>\n\n\n\n<p>Bea Maas (vice-chairwoman)<\/p>\n\n\n\n<p>Barbara Fischer (cashier)<\/p>\n\n\n\n<p>Lisa Horn (vice-cashier)<\/p>\n\n\n\n<p>Vera Pfanzagl (secretary)<\/p>\n\n\n\n<p>Meropi Tzanetakis (vice-secretary)<\/p>\n\n\n\n<p>Muriel Blaive (speaker for social media)&nbsp;<\/p>\n\n\n\n<p><strong>Board members 2020-2024<\/strong><\/p>\n\n\n\n<figure class=\"wp-block-gallery has-nested-images columns-4 wp-block-gallery-2 is-layout-flex wp-block-gallery-is-layout-flex\">\n<figure class=\"wp-block-image size-full\"><a href=\"https:\/\/w344a1.smart-net.at\/index.php\/team\/stefanie-widder\/\"><img loading=\"lazy\" decoding=\"async\" width=\"360\" height=\"240\" data-id=\"1251\" src=\"https:\/\/w344a1.smart-net.at\/wp-content\/uploads\/2022\/03\/SW.jpg\" alt=\"\" class=\"wp-image-1251\" srcset=\"https:\/\/eliserichter.net\/wp-content\/uploads\/2022\/03\/SW.jpg 360w, https:\/\/eliserichter.net\/wp-content\/uploads\/2022\/03\/SW-300x200.jpg 300w\" sizes=\"auto, (max-width: 360px) 100vw, 360px\" \/><\/a><figcaption class=\"wp-element-caption\">Stefanie Widder<\/figcaption><\/figure>\n\n\n\n<figure class=\"wp-block-image size-full\"><a href=\"https:\/\/w344a1.smart-net.at\/index.php\/team\/karin-sardadvar\/\"><img loading=\"lazy\" decoding=\"async\" width=\"360\" height=\"240\" data-id=\"1252\" src=\"https:\/\/w344a1.smart-net.at\/wp-content\/uploads\/2022\/03\/KS.jpg\" alt=\"\" class=\"wp-image-1252\" srcset=\"https:\/\/eliserichter.net\/wp-content\/uploads\/2022\/03\/KS.jpg 360w, https:\/\/eliserichter.net\/wp-content\/uploads\/2022\/03\/KS-300x200.jpg 300w\" sizes=\"auto, (max-width: 360px) 100vw, 360px\" \/><\/a><figcaption class=\"wp-element-caption\">Karin Sardadvar<\/figcaption><\/figure>\n\n\n\n<figure class=\"wp-block-image size-full\"><a href=\"https:\/\/w344a1.smart-net.at\/index.php\/team\/katja-mayer\/\"><img loading=\"lazy\" decoding=\"async\" width=\"360\" height=\"240\" data-id=\"1253\" src=\"https:\/\/w344a1.smart-net.at\/wp-content\/uploads\/2022\/03\/KM.png\" alt=\"\" class=\"wp-image-1253\" srcset=\"https:\/\/eliserichter.net\/wp-content\/uploads\/2022\/03\/KM.png 360w, https:\/\/eliserichter.net\/wp-content\/uploads\/2022\/03\/KM-300x200.png 300w\" sizes=\"auto, (max-width: 360px) 100vw, 360px\" \/><\/a><figcaption class=\"wp-element-caption\">Katja Mayer<\/figcaption><\/figure>\n\n\n\n<figure class=\"wp-block-image size-full\"><a href=\"https:\/\/w344a1.smart-net.at\/index.php\/team\/barbara-fischer\/\"><img loading=\"lazy\" decoding=\"async\" width=\"360\" height=\"240\" data-id=\"1254\" src=\"https:\/\/w344a1.smart-net.at\/wp-content\/uploads\/2022\/03\/BF.png\" alt=\"\" class=\"wp-image-1254\" srcset=\"https:\/\/eliserichter.net\/wp-content\/uploads\/2022\/03\/BF.png 360w, https:\/\/eliserichter.net\/wp-content\/uploads\/2022\/03\/BF-300x200.png 300w\" sizes=\"auto, (max-width: 360px) 100vw, 360px\" \/><\/a><figcaption class=\"wp-element-caption\">Barbara Fischer<\/figcaption><\/figure>\n\n\n\n<figure class=\"wp-block-image size-full\"><a href=\"https:\/\/w344a1.smart-net.at\/index.php\/team\/doris-lucyshyn\/\"><img loading=\"lazy\" decoding=\"async\" width=\"360\" height=\"240\" data-id=\"1256\" src=\"https:\/\/w344a1.smart-net.at\/wp-content\/uploads\/2022\/03\/DL.png\" alt=\"\" class=\"wp-image-1256\" srcset=\"https:\/\/eliserichter.net\/wp-content\/uploads\/2022\/03\/DL.png 360w, https:\/\/eliserichter.net\/wp-content\/uploads\/2022\/03\/DL-300x200.png 300w\" sizes=\"auto, (max-width: 360px) 100vw, 360px\" \/><\/a><figcaption class=\"wp-element-caption\">Doris Lucyshyn<\/figcaption><\/figure>\n\n\n\n<figure class=\"wp-block-image size-full\"><a href=\"https:\/\/w344a1.smart-net.at\/index.php\/team\/anna-artaker\/\"><img loading=\"lazy\" decoding=\"async\" width=\"360\" height=\"240\" data-id=\"1257\" src=\"https:\/\/w344a1.smart-net.at\/wp-content\/uploads\/2022\/03\/AA.jpg\" alt=\"\" class=\"wp-image-1257\" srcset=\"https:\/\/eliserichter.net\/wp-content\/uploads\/2022\/03\/AA.jpg 360w, https:\/\/eliserichter.net\/wp-content\/uploads\/2022\/03\/AA-300x200.jpg 300w\" sizes=\"auto, (max-width: 360px) 100vw, 360px\" \/><\/a><figcaption class=\"wp-element-caption\">Anna Artaker<\/figcaption><\/figure>\n\n\n\n<figure class=\"wp-block-image size-large is-style-default\"><a href=\"https:\/\/w344a1.smart-net.at\/index.php\/team\/maria-bertel\/\"><img loading=\"lazy\" decoding=\"async\" width=\"360\" height=\"240\" data-id=\"1258\" src=\"https:\/\/w344a1.smart-net.at\/wp-content\/uploads\/2022\/03\/MB.png\" alt=\"\" class=\"wp-image-1258\" srcset=\"https:\/\/eliserichter.net\/wp-content\/uploads\/2022\/03\/MB.png 360w, https:\/\/eliserichter.net\/wp-content\/uploads\/2022\/03\/MB-300x200.png 300w\" sizes=\"auto, (max-width: 360px) 100vw, 360px\" \/><\/a><figcaption class=\"wp-element-caption\">Maria Bertel<\/figcaption><\/figure>\n<\/figure>\n\n\n\n<p><\/p>\n","protected":false},"excerpt":{"rendered":"<p>About us Das Elise-Richter-Netzwerk umfasst gegenw\u00e4rtige und fr\u00fchere Stelleninhaberinnen in der Phase der Qualifizierung f\u00fcr akademische Spitzenpositionen (u.a. Professuren). Es<\/p>\n<p><a href=\"https:\/\/eliserichter.net\/index.php\/about\/\" class=\"more-link\">Continue reading<span class=\"screen-reader-text\">About<\/span><\/a><\/p>\n","protected":false},"author":2,"featured_media":0,"parent":0,"menu_order":0,"comment_status":"closed","ping_status":"closed","template":"","meta":{"footnotes":""},"class_list":["post-12","page","type-page","status-publish","hentry"],"uagb_featured_image_src":{"full":false,"thumbnail":false,"medium":false,"medium_large":false,"large":false,"1536x1536":false,"2048x2048":false,"post-thumbnail":false,"wen-travel-archive":false,"wen-travel-slider":false},"uagb_author_info":{"display_name":"Katja Mayer","author_link":"https:\/\/eliserichter.net\/index.php\/author\/kmayer\/"},"uagb_comment_info":0,"uagb_excerpt":"About us Das Elise-Richter-Netzwerk umfasst gegenw\u00e4rtige und fr\u00fchere Stelleninhaberinnen in der Phase der Qualifizierung f\u00fcr akademische Spitzenpositionen (u.a. Professuren). EsContinue readingAbout","_links":{"self":[{"href":"https:\/\/eliserichter.net\/index.php\/wp-json\/wp\/v2\/pages\/12","targetHints":{"allow":["GET"]}}],"collection":[{"href":"https:\/\/eliserichter.net\/index.php\/wp-json\/wp\/v2\/pages"}],"about":[{"href":"https:\/\/eliserichter.net\/index.php\/wp-json\/wp\/v2\/types\/page"}],"author":[{"embeddable":true,"href":"https:\/\/eliserichter.net\/index.php\/wp-json\/wp\/v2\/users\/2"}],"replies":[{"embeddable":true,"href":"https:\/\/eliserichter.net\/index.php\/wp-json\/wp\/v2\/comments?post=12"}],"version-history":[{"count":28,"href":"https:\/\/eliserichter.net\/index.php\/wp-json\/wp\/v2\/pages\/12\/revisions"}],"predecessor-version":[{"id":1936,"href":"https:\/\/eliserichter.net\/index.php\/wp-json\/wp\/v2\/pages\/12\/revisions\/1936"}],"wp:attachment":[{"href":"https:\/\/eliserichter.net\/index.php\/wp-json\/wp\/v2\/media?parent=12"}],"curies":[{"name":"wp","href":"https:\/\/api.w.org\/{rel}","templated":true}]}}